 2*u + p. What are the prime factors of u?
2, 3
Suppose -4*c - 3*t + 521 = 0, 0*c - t = 2*c - 261. Let y(v) = v**3 - 9*v**2 + 24. Let p be y(7). Let k = c + p. What are the prime factors of k?
3, 19
List the prime factors of (-690)/(-4)*154/21.
5, 11, 23
Suppose -3*n + u = -70, -6*n + 2*n = 4*u - 104. Suppose 5*k - 2*z + z - 52 = 0, 2*k - 2*z = n. Suppose 2*g + 4 = k. List the prime factors of g.
3
Let f(g) = g**3 - 11*g**2 - 10*g - 18. Let n be f(12). Suppose 2 = 2*c - n. List the prime factors of c.
2
Suppose 0*z = -4*z + 20, -4*z + 20 = -r. Let l(i) = i**2 - i + 2. Let n be l(r). What are the prime factors of (n/3)/((-11)/(-528))?
2
Let o = -2612 + 3491. What are the prime factors of o?
3, 293
Let s be 1580/(-22) - -3 - (-8)/(-44). Let z be (-3 - -2)/((-2)/(-24)). Let m = z - s. List the prime factors of m.
3, 19
Let p = 1517 - 1267. What are the prime factors of p?
2, 5
Let i = 3970 + -2613. What are the prime factors of i?
23, 59
Let m(q) = -81*q + 20. Let a(b) = b - 1. Let c(g) = -3*a(g) - m(g). List the prime factors of c(2).
139
Suppose h - 18 = 3*i, -2*h + i + i = -16. Suppose 3*s + 76 + 116 = h*b, 0 = 2*s - 6. Suppose 4*a + 11 = b. List the prime factors of a.
2, 7
Suppose 499 = 3*n - 716. Let u = -194 + n. Suppose -5*y - 31 = -u. List the prime factors of y.
2, 3
Let t(c) = -c**2 - 4*c + 1. Let q be 30/(-4)*14/21. Let h be t(q). What are the prime factors of 1/(-4) + (-17)/h?
2
Let j(n) be the first derivative of 5/2*n**2 + 10/3*n**3 - 1/4*n**4 - 13*n - 10. List the prime factors of j(10).
37
Let o be (4 - 3)/(2/(-66)). List the prime factors of (-11)/(o/30) + 3.
13
Let g be (8 - 7)*(13 + 0). Suppose o - g = -0*o. Suppose -w + 27 = -4*q, 4*w + 5*q - o = 2*q. List the prime factors of w.
7
Suppose 5*x + 2*p = 7, 2*x + p = x - 1. Let c = -81 - -187. Suppose 0 = -x*u - c + 313. List the prime factors of u.
3, 23
Let t be (6*-2)/(-3) + -2. Let v be -5*-2*t/10. Let h = v + 20. What are the prime factors of h?
2, 11
Let j be 15/6 - (-3)/(-6). Let d be -1 - -10 - 4/j. Suppose -3*a + d*a - 16 = 0. List the prime factors of a.
2
Let h = 19 + -6. Let a be h + 228 - (1 + 0). Suppose -9*p + 13*p - a = 0. What are the prime factors of p?
2, 3, 5
Let k = -279 + 495. Suppose k = 2*u - 2*q, u - 100 = -2*q + q. Let w = u - 46. List the prime factors of w.
2, 29
Let t = 59 + -58. What are the prime factors of t/(-6) - (-1466)/12?
2, 61
Let p be (-2)/(1 + (-8)/4). Suppose 5*a - 556 = 2*k, -6*k = -p*a - 4*k + 226. What are the prime factors of a?
2, 5, 11
Let x = 707 + 1389. List the prime factors of x.
2, 131
Let b = 6 + 22. Let d(a) = a**3 + 10*a**2 - 3*a - 25. Let w be d(-10). Suppose w*k - b = k. List the prime factors of k.
7
Let p(w) = 18*w + 522. What are the prime factors of p(15)?
2, 3, 11
Suppose -6*j + 5062 = -986. List the prime factors of j.
2, 3, 7
Let a be (-81)/(-18) - (-6)/4. Let g be 12/(a - 3) + -1. Suppose 5*v + r = -2*r + 206, 0 = -4*v - g*r + 166. List the prime factors of v.
2, 5
Let z be (-3)/(-6) - (-9)/6. Suppose -3*j - 80 = j + 2*c, 0 = -j + 5*c + z. List the prime factors of j/(-8) + (-27)/(-36).
3
Let v(a) = -15*a + 13. Let h(u) = 31*u - 26. Let x(k) = 3*h(k) + 7*v(k). What are the prime factors of x(-5)?
73
Let y(p) = 498*p**2 + 8*p + 6. Let d(b) = -747*b**2 - 12*b - 9. Let z(g) = -5*d(g) - 7*y(g). What are the prime factors of z(-1)?
2, 31
Let c = -798 + 1397. What are the prime factors of c?
599
Let j = 164 - 112. Suppose 10 = 20*t - 30. Suppose 4*c = t*z - j, 5*c = 4*z + c - 100. What are the prime factors of z?
2, 3
Suppose 3 = -3*i, -4*i + 2 = w - 2*w. Let b be ((-3)/w)/(1/2). List the prime factors of b/3 + (-1012)/(-33).
31
Suppose -4 - 8 = d - g, 0 = 5*g - 25. Let t(y) = -10*y + 24. What are the prime factors of t(d)?
2, 47
Let c(v) be the third derivative of v**5/60 - v**4/24 + v**3/2 + 40*v**2. What are the prime factors of c(-12)?
3, 53
Let u(i) = -6*i + 32. Let k be u(-6). Suppose k = -0*r + 2*r - 5*g, -5*g + 10 = 0. What are the prime factors of r?
3, 13
Suppose -16*w = -2*w - 5894. List the prime factors of w.
421
Let n be (-234)/(-14) - 4/(-14). Let k = 38 - n. Suppose v = b - k, 4*b + 3*v - 40 - 9 = 0. What are the prime factors of b?
2
What are the prime factors of (-21411)/(-36) + 3/12?
5, 7, 17
Suppose 2*u + 6 = 0, -5*u - 30 = 3*m - 8*m. Suppose -2*w + 41 = m*v - 104, -4*v = -4*w - 200. What are the prime factors of v?
7
Let y = 1053 - -268. What are the prime factors of y?
1321
Let t(m) = m**3 - 4*m**2 + 3*m - 6. Let b be t(4). Let p = b + 30. List the prime factors of p.
2, 3
Let n(p) = 3*p**2 - 3*p - 2. Suppose -32*o + 36*o = 20. List the prime factors of n(o).
2, 29
Let k(o) = -2*o**2 - 10*o - 43. Let w(u) = -u**2 - 5*u - 21. Let x(i) = 2*k(i) - 5*w(i). List the prime factors of x(-10).
3, 23
Suppose -5*r = 5*t - 7605, 2*r + 25*t = 27*t + 3038. What are the prime factors of r?
2, 5, 19
Suppose 0*z = -5*r - z + 1455, -r + 302 = -2*z. Let q = r - 169. List the prime factors of q.
3, 41
Let o(w) = -3*w + 86. Let z be o(0). Let i = 149 - z. What are the prime factors of i?
3, 7
Suppose -355 = -2*r - 0*u + 5*u, 0 = u - 3. List the prime factors of r.
5, 37
Let s be 1266/9 + 0 + (-14)/21. Let o = s + -54. List the prime factors of o.
2, 43
Suppose 0 = 4*v, 16*d = 19*d - 3*v - 2232. List the prime factors of d.
2, 3, 31
Let a be 45/30*4/2. Let r = a - -5. What are the prime factors of r?
2
Suppose 3*y = -4*x + 1365 + 185, 3*x = 5*y - 2564. What are the prime factors of y?
2, 257
Let b = -38 - -445. List the prime factors of b.
11, 37
Let n(b) = 7*b**2 - 66*b + 31. What are the prime factors of n(20)?
1511
Let p = -914 + 2027. What are the prime factors of p?
3, 7, 53
Let a be (-8)/(-52) - 72/(-39). Let v = a - -109. Suppose 2*m - v = -3. What are the prime factors of m?
2, 3
Suppose 2*i + 0*p - 3*p - 709 = 0, -2*p = 3*i - 1057. Suppose 4*a + 358 = 3*d, -i = -2*d + 5*a - 112. List the prime factors of d.
2, 59
Suppose -v + 4*f = -8, -4*v - f - 3*f + 12 = 0. Let w be v/(-12) + (-13)/(-3). Suppose -276 = -4*n + 4*s, w*s - 260 = n - 5*n. What are the prime factors of n?
67
Let g(n) = 151*n**2 + 42*n + 162. What are the prime factors of g(-4)?
2, 5, 241
What are the prime factors of 246*(-2 - (-28)/12)?
2, 41
Suppose 0*k - k = -1. Suppose k + 6 = n. List the prime factors of n.
7
Suppose 54 = -5*d + 4*h, -h - h = 4*d + 64. Let b = 140 + d. What are the prime factors of b?
2, 3, 7
Let d(u) = 4*u**2 + u. Let i be d(1). Suppose 3*g + 4*y = -0*y + 324, 3*g - 321 = -i*y. What are the prime factors of g?
2, 7
Let x(b) = 5*b**3 + 3*b**2 + 14*b. Let o(p) = 2*p**3 + 2*p**2 + 7*p. Let y(n) = 7*o(n) - 3*x(n). What are the prime factors of y(-4)?
2, 29
Suppose -2*h + 7*h - 45 = 0. Let p(b) = -b**2 + 14*b - 15. Let u be p(h). Suppose 4*j + y - 203 = -u, -2*j - 2*y = -82. List the prime factors of j.
2, 11
Suppose 0 = -58*p + 50*p + 10056. List the prime factors of p.
3, 419
Suppose -2*m + 2 = 4. List the prime factors of (78/(-10))/(m/5).
3, 13
Let u be (-5)/(984/484 + -2)*-4. Suppose -5*j - 3*f = -589, 0*j = 5*j - 5*f - u. List the prime factors of j.
7, 17
Let s(r) = r**2 - 2*r - 11. Let a be s(-4). Suppose 2*f - 148 = -2*q, -a = -4*q + 3. What are the prime factors of f?
2, 5, 7
Suppose -3*z + 17 = -p, 0 = 3*p - 0*z + 3*z + 3. Let q(g) = -3*g - 3*g - 1 - 10. What are the prime factors of q(p)?
19
Let l = -61 + 72. Let j = l - -39. What are the prime factors of j?
2, 5
Let s = 10 + -4. Suppose 0 = -t - s*t + 49. List the prime factors of t.
7
Let j(o) = -175*o + 328. List the prime factors of j(-5).
3, 401
Let v = -2 - -2. Let b(d) = d**2 + 2*d + 109. What are the prime factors of b(v)?
109
Let j(u) = -u**3 + 5*u**2 + 2. Let g = 16 - 12. Let i be j(g). Let z = i - 8. List the prime factors of z.
2, 5
Let g(q) = -q**3 + 6*q**2 - 2*q - 4. Let u be (-8)/(-2) + (-3 - 0). Suppose 5*r + 5*w - 4 = u, w = -5*r + 21. What are the prime factors of g(r)?
11
What are the prime factors of (130/30 - 3)*561?
2, 11, 17
Suppose r - 1 = -2*z, -8 = -3*z + 2*z + 2*r. Suppose 3*y = x + 369, 6*y - x = z*y + 493. List the prime factors of y.
2, 31
Let k(n) = -n**2 + n - 3. Let a(o) = o**2 + 7*o - 5. Let h be a(-8). Let f be k(h). Let p = f + 12. List the prime factors of p.
3
Let w(d) = 28*d**3 - 3*d**2 - d - 4. Let h(g) = 29*g**3 - 4*g**2 